t is the greatest common factor of l and 14?
14
Let m(j) = 4*j + 2069. Let r be m(-72). What is the greatest common factor of r and 548?
137
Suppose t + v = 4, -21 + 1 = -t + 3*v. Calculate the greatest common factor of 512 and t.
8
Let w be 96/160 + (-2)/((-10)/1197). Suppose 10*c - w = 8*c. Calculate the highest common divisor of c and 24.
24
Let l = 7040 + -7037. Let h be 108/(-8)*(-8)/6. Calculate the greatest common divisor of h and l.
3
Suppose -499 = 15*u - 1879. Let i = u - 32. Suppose -54*y + 55*y = i. Calculate the highest common divisor of 12 and y.
12
Suppose -23 = u - 49. Suppose u*f - 9*f - 1326 = 0. Calculate the highest common divisor of 260 and f.
26
Suppose -2*y + 5*i = 8*i - 81564, 2*y - 81572 = i. What is the greatest common divisor of y and 15?
15
Let l = -447 + 555. Suppose 21*c - 30*c = -l. What is the highest common divisor of c and 52?
4
Suppose 6*s = 27*s - 11*s - 780. Calculate the highest common factor of s and 192.
6
Let l = 587 - -469. Calculate the highest common divisor of 660 and l.
132
Let x = -22861 + 23135. Calculate the highest common divisor of x and 22.
2
Let b be 2/((728/(-195))/(-28)). What is the greatest common factor of b and 60?
15
Let u(a) = a**3 - 11*a**2 - 10*a - 16. Let f be u(12). Let p(v) = -45*v + 552. Let n be p(12). Calculate the greatest common factor of f and n.
4
Let r = -99 - -185. Suppose -4*d = 8, s - 2*d - 649 = -4*s. Calculate the highest common divisor of r and s.
43
Suppose -184*z = 22*z + 131*z - 134800. What is the highest common factor of 4720 and z?
80
Suppose x = 2*c + 66, 0 = 3*x + 18*c - 19*c - 193. Calculate the highest common divisor of 4 and x.
4
Let t(i) = 1772*i + 212. Let v be t(17). Let c be (v/(-126))/(-8) - 6/63. What is the greatest common factor of c and 510?
30
Let i = 82 - 80. Suppose -i*l - 2*m = -4*l - 2, -5*l - m = -13. Suppose 4*n = 5*t + 100, -5*n - l*t - t = -125. What is the highest common divisor of n and 275?
25
Let v = -4410 - -4515. Calculate the highest common factor of 135 and v.
15
Let p = -6827 - -6833. Calculate the greatest common divisor of p and 564.
6
Let t = 11206 + -11044. What is the greatest common factor of t and 1638?
18
Suppose -4*y + 479 = u, -2245 = 88*u - 93*u + 5*y. What is the greatest common factor of 260 and u?
65
Suppose -n = -9*d + 4*d + 11, 15 = d + 3*n. Let g = 389 - 348. Suppose 37 = 2*x + 5*h, 38*x + 13 = g*x - h. What is the greatest common divisor of x and d?
3
Suppose -51786 = 3039*p - 3046*p. What is the highest common divisor of 54 and p?
54
Suppose 55*y - 65*y = -20. Suppose -2*c + 24 = -y. What is the highest common factor of 260 and c?
13
Let m be (-208290)/(-477) - (-28)/(-6). What is the highest common divisor of m and 39?
3
Let h be (25/225*27)/(1*1/1955). What is the greatest common divisor of 1275 and h?
255
Let b be (1/2)/(1 - (-3)/(-6)). Let x be (-1)/(-4)*(4 + 0)*b. Suppose -2*h - m - 2*m = -18, -h - x = -m. Calculate the highest common divisor of h and 39.
3
Let t be ((-120)/(-24))/(20/492). What is the greatest common factor of t and 429?
3
Suppose 0 = p - 7*p + 24. Let l be 116 + (p - (-20)/(-5)). Let x(f) = -f**3 - 2*f**2 + f + 29. Let d be x(0). What is the greatest common factor of l and d?
29
Suppose -3*h + 24 = 3*k, 12 = h - 15*k + 12*k. Suppose 20 = h*x - 43. Calculate the highest common factor of x and 427.
7
Let o = -338 + 5718. Calculate the greatest common factor of o and 5.
5
Let z(p) = 15*p**2 + p**3 + 7*p - 4*p - 5*p**2 - 6*p. Let b be z(-6). Calculate the highest common divisor of b and 18.
18
Let u(s) = 5*s - 46. Let r be u(11). Suppose -4158 + 641 - 1253 = -10*a. Calculate the highest common divisor of a and r.
9
Let f be (3/2)/((-5)/100). Let b be (-2)/3 - (-2)/(f/(-505)). Let z = -21 + b. What is the greatest common divisor of z and 30?
6
Let x = 3 + -4. Let a(k) = 0 + 3*k + 97489*k**3 + 1 + 2*k**2 - 97534*k**3 + 1. Let v be a(x). Calculate the greatest common factor of v and 368.
46
Let f(i) = i**2 + 14*i - 40. Let c be f(5). Let g be ((-8)/(-10))/((-22)/c) - -56. Calculate the highest common divisor of g and 135.
27
Suppose -3*l - 2*k = -388, 0 = 7*l - 6*k + 2*k - 888. What is the highest common factor of l and 1088?
64
Suppose -z = 4*f + 1131 - 3752, -2*z + 1318 = 2*f. Calculate the greatest common factor of 26487 and f.
327
Let m = -320 - -323. Suppose 244 = 2*p + m*f, -3*p - 5*f = -182 - 183. Calculate the greatest common factor of p and 25.
25
Let r = 625 - 303. Calculate the greatest common factor of r and 4991.
161
Let s = -32 + 194. Let a = s + -147. What is the highest common divisor of a and 105?
15
Let y be 3/(((-208)/69056)/(10/(-8) + 1)). What is the highest common factor of y and 913?
83
Suppose 87 = 10*q - 33. Suppose -2*g + 7 = 5*a, g + q = 3*a - 1. Calculate the greatest common factor of a and 3.
3
Suppose -25498 = 60*z + 13*z - 75*z. What is the greatest common factor of 38 and z?
19
Suppose d = 55*s - 60*s + 483, 5*d - 3*s = 2583. What is the greatest common factor of 1767 and d?
57
Let k(q) = 4*q**2 + 65*q + 27. Let w be k(-16). Suppose -w*y + 672 = y. Calculate the highest common divisor of 28 and y.
28
Suppose 9*j + 1 = 10*j. Let r(t) = 147*t**2 - 4*t + 4. Let v be r(j). Suppose 2*a + v = 3*a. Calculate the greatest common divisor of 21 and a.
21
Let d(t) = t**3 + 9*t**2 + 2*t + 16. Let s = -1 - 8. Let b be d(s). Let p be b/17 + (-3824)/(-136). Calculate the highest common factor of 308 and p.
28
Let p(m) = -m + 17. Let w be p(7). Let d(l) = -l + 19. Let b be d(w). Suppose -b*s = -7*s - 46. What is the highest common divisor of s and 23?
23
Let d(c) = -208*c - 437. Let m be d(-14). What is the greatest common factor of 75 and m?
75
Let x = -9009 + 9860. Calculate the highest common factor of 92 and x.
23
Let p = -113 - -143. Let f be p/(-35)*-1*21. Calculate the greatest common divisor of 12 and f.
6
Let u be ((-169)/((12 - 3)/(-9)))/((-2)/(-6)). Calculate the highest common factor of 1352 and u.
169
Suppose p + 3*j = 2 - 0, 0 = -2*p - 3*j - 5. Let w be (-2 + (4 + p)/(-3))*81. Let x = w - -126. Calculate the greatest common divisor of x and 5.
5
Let c be (1 - 0)*(3 + -1)*2. Let t be 101/11 + c/66*-3. What is the highest common factor of 171 and t?
9
Suppose 0 = -4*i + 3*q + q + 8, -11 = -4*i + 3*q. Suppose i*j = 47 + 3. Let y = -80836 + 80861. What is the greatest common divisor of j and y?
5
Let f(m) be the second derivative of -m**4/12 - 2*m**3 + 14*m. Let u be f(-5). Let v be (-10)/(-5) + 383*1. What is the greatest common divisor of v and u?
35
Let g(l) = -l**3 - 20*l**2 + 18*l - 49. Let x be g(-21). Let z = -20 - 16. Let m be (-1)/(-4) + (-1251)/z. Calculate the highest common factor of m and x.
7
Let g(t) = 8*t**2. Let q be g(-1). Suppose 0 = -q*a - 589 + 2381. Calculate the greatest common factor of 56 and a.
56
Suppose 3765 = 16*h + 501. Calculate the highest common divisor of 4828 and h.
68
Let z(g) = 305*g**2 - 20*g + 75. Let n be z(5). Suppose 6*m - 368 = n. Calculate the highest common factor of 16 and m.
16
Let g be 152/190*(-1335)/(-2). Let f = g - 492. What is the greatest common divisor of 112 and f?
14
Suppose 27*c + 540 = 37*c. Suppose -2*q + c - 48 = 0. Calculate the greatest common divisor of q and 4.
1
Let t be (-48)/(-14) - (-4 - 62/(-14)). Let x be (1 + (-21)/6)/(t/(-12)). Calculate the greatest common factor of 70 and x.
10
Suppose -55*h + 1345 = -50*h + 3*u, 2*u = -3*h + 806. What is the greatest common factor of 119 and h?
17
Let f(b) = 2*b**2 + 6*b - 12. Let i be f(-7). Let s = 56 - i. Suppose -s = 4*y - 156. What is the greatest common factor of y and 60?
12
Let w(i) = -i**3 + 17*i**2 - 44*i + 28. Let m be w(14). Suppose 50*u - 53*u + 24 = m. Calculate the greatest common divisor of 32 and u.
8
Let n = -2460 + 3021. Calculate the highest common factor of n and 255.
51
Let d be (158/16)/((-51)/(-53448)). What is the highest common divisor of d and 131?
131
Let y be 13*(-21)/(-273) - -4547. What is the highest common divisor of y and 12?
12
Suppose 205*j = 196*j + 513. Calculate the greatest common divisor of j and 41781.
57
Let d(o) = -2*o**2 + 12*o + 3. Let t = 14 - 11. Let n be d(t). What is the greatest common divisor of n and 231?
21
Let l = -7861 + 8206. Calculate the highest common divisor of l and 966.
69
Suppose 5*r = -8*k 